{"id":177,"date":"2015-08-25T13:47:04","date_gmt":"2015-08-25T13:47:04","guid":{"rendered":"http:\/\/de.konradin.se.intra.ev-ma.net\/de\/?page_id=177"},"modified":"2026-03-23T15:20:12","modified_gmt":"2026-03-23T15:20:12","slug":"arbeitswelt","status":"publish","type":"page","link":"https:\/\/www.konradin.de\/de\/medien\/arbeitswelt\/","title":{"rendered":"Arbeitswelt"},"content":{"rendered":"<p><strong>Unser Medienangebot<\/strong><\/p>\n<ul>\n<li>fokussiert den Lebensraum Arbeitsplatz, im B\u00fcro oder in der Produktionshalle, und gibt Impulse f\u00fcr effiziente, gesunde und sichere Arbeitswelten.<\/li>\n<li>informiert \u00fcber Sicherheitsvorschriften bzw. -techniken und Gesundheitsfragen.<\/li>\n<\/ul>\n<p><strong>Die SI-Akademie<\/strong> veranstaltet Seminare, Kongresse und Events mit Themen aus dem Umfeld von Sicherheit und Gesundheit bei der Arbeit. Die Seminare k\u00f6nnen auch individuell f\u00fcr die Bed\u00fcrfnisse des Auftraggebers gestaltet und inhouse abgehalten werden.<\/p>\n<p><strong>Unsere Medienmarken<\/strong><\/p>\n","protected":false},"excerpt":{"rendered":"<p>Unser Medienangebot fokussiert den Lebensraum Arbeitsplatz, im B\u00fcro oder in der Produktionshalle, und gibt Impulse f\u00fcr effiziente, gesunde und sichere Arbeitswelten. informiert \u00fcber Sicherheitsvorschriften bzw. -techniken und Gesundheitsfragen. Die SI-Akademie veranstaltet Seminare, Kongresse und Events mit Themen aus dem Umfeld von Sicherheit und Gesundheit bei der Arbeit. Die Seminare k\u00f6nnen auch individuell f\u00fcr die Bed\u00fcrfnisse [&hellip;]<\/p>\n","protected":false},"author":1,"featured_media":1192,"parent":4,"menu_order":0,"comment_status":"closed","ping_status":"closed","template":"pages\/template-portfolio.php","meta":[],"_links":{"self":[{"href":"https:\/\/www.konradin.de\/de\/wp-json\/wp\/v2\/pages\/177"}],"collection":[{"href":"https:\/\/www.konradin.de\/de\/wp-json\/wp\/v2\/pages"}],"about":[{"href":"https:\/\/www.konradin.de\/de\/wp-json\/wp\/v2\/types\/page"}],"author":[{"embeddable":true,"href":"https:\/\/www.konradin.de\/de\/wp-json\/wp\/v2\/users\/1"}],"replies":[{"embeddable":true,"href":"https:\/\/www.konradin.de\/de\/wp-json\/wp\/v2\/comments?post=177"}],"version-history":[{"count":51,"href":"https:\/\/www.konradin.de\/de\/wp-json\/wp\/v2\/pages\/177\/revisions"}],"predecessor-version":[{"id":5689,"href":"https:\/\/www.konradin.de\/de\/wp-json\/wp\/v2\/pages\/177\/revisions\/5689"}],"up":[{"embeddable":true,"href":"https:\/\/www.konradin.de\/de\/wp-json\/wp\/v2\/pages\/4"}],"wp:featuredmedia":[{"embeddable":true,"href":"https:\/\/www.konradin.de\/de\/wp-json\/wp\/v2\/media\/1192"}],"wp:attachment":[{"href":"https:\/\/www.konradin.de\/de\/wp-json\/wp\/v2\/media?parent=177"}],"curies":[{"name":"wp","href":"https:\/\/api.w.org\/{rel}","templated":true}]}}

<p><strong>Unser Medienangebot</strong></p>
<ul>
<li>fokussiert den Lebensraum Arbeitsplatz, im Büro oder in der Produktionshalle, und gibt Impulse für effiziente, gesunde und sichere Arbeitswelten.</li>
<li>informiert über Sicherheitsvorschriften bzw. -techniken und Gesundheitsfragen.</li>
</ul>
<p><strong>Die SI-Akademie</strong> veranstaltet Seminare, Kongresse und Events mit Themen aus dem Umfeld von Sicherheit und Gesundheit bei der Arbeit. Die Seminare können auch individuell für die Bedürfnisse des Auftraggebers gestaltet und inhouse abgehalten werden.</p>
<p><strong>Unsere Medienmarken</strong></p>

<p>Unser Medienangebot fokussiert den Lebensraum Arbeitsplatz, im Büro oder in der Produktionshalle, und gibt Impulse für effiziente, gesunde und sichere Arbeitswelten. informiert über Sicherheitsvorschriften bzw. -techniken und Gesundheitsfragen. Die SI-Akademie veranstaltet Seminare, Kongresse und Events mit Themen aus dem Umfeld von Sicherheit und Gesundheit bei der Arbeit. Die Seminare können auch individuell für die Bedürfnisse [&hellip;]</p>
