{"id":2708,"date":"2018-11-12T10:57:35","date_gmt":"2018-11-12T10:57:35","guid":{"rendered":"http:\/\/staging.konradin.datenkasten.de\/de\/?page_id=2708"},"modified":"2019-09-11T09:18:05","modified_gmt":"2019-09-11T09:18:05","slug":"karriere","status":"publish","type":"page","link":"https:\/\/www.konradin.de\/de\/karriere\/","title":{"rendered":"Karriere"},"content":{"rendered":"<section class=\"wpb-content-wrapper\">[vc_row][vc_column][vc_column_text]Wir suchen motivierte Mitarbeiter*innen, die unsere Teams bereichern, um unsere Medienmarken, die Onlineportale und Events weiterhin fundiert, innovativ und erfolgreich am Markt zu positionieren und unsere Kunden zu begeistern.<\/p>\n<p>In einer Zeit fortschreitender Digitalisierung, vielf\u00e4ltiger Online-Themen und permanentem Wandel, m\u00f6chten wir unsere Mitarbeiter*innen fordern, f\u00f6rdern und damit in ihrer Entwicklung sowie auf ihrem individuellen Berufsweg partnerschaftlich begleiten.[\/vc_column_text][\/vc_column][\/vc_row][vc_row][vc_column width=&#8220;1\/6&#8243; css=&#8220;.vc_custom_1556790615952{padding-right: 0px !important;}&#8220; el_class=&#8220;plus&#8220;][vc_icon icon_fontawesome=&#8220;fa fa-plus&#8220; color=&#8220;custom&#8220; custom_color=&#8220;#4573c5&#8243;][\/vc_column][vc_column width=&#8220;5\/6&#8243; el_class=&#8220;plustext&#8220;][vc_column_text el_class=&#8220;intro&#8220;]\n<h4 style=\"font-size: 20px !important;\">Pluspunkt bei uns als mittelst\u00e4ndisches Unternehmen ist die pers\u00f6nliche Zusammenarbeit<\/h4>\n<p style=\"color: #006daf;\">Wir kennen uns. Wir sprechen miteinander. Wir haben kurze Wege f\u00fcr Austausch und Entscheidungen.<br \/>\nDie Mediengruppe bietet spannende berufliche Herausforderungen und interessante Projekte.<\/p>\n[\/vc_column_text][\/vc_column][\/vc_row][vc_row][vc_column][vc_column_text]Egal, ob Sie sich f\u00fcr eine T\u00e4tigkeit im kaufm\u00e4nnischen oder journalistischen Bereich interessieren und ob Sie ganz am Anfang des Berufslebens stehen, mittendrin, oder bereits sehr erfahren sind:<br \/>\nWenn Sie sich f\u00fcr eine T\u00e4tigkeit innerhalb unserer Mediengruppe interessieren, freuen wir uns auf ihre Bewerbung.<\/p>\n<a class=\"mks_button mks_button_medium squared\" href=\"\/de\/stellenanzeigen\/\" target=\"self\" style=\"color: #00006b; background-color: #f3f8fb;\" >Unsere aktuellen Jobangebote<\/a>[\/vc_column_text][vc_column_text css_animation=&#8220;zoomIn&#8220; el_id=&#8220;karriere_zitat&#8220;]\n<h2 style=\"text-align: center;\">&#8222;Wir stehen f\u00fcr Vielfalt &#8211; mehr als 40 Medienmarken, print und digital,<br \/>\nin sieben Themenbereichen&#8220;<\/h2>\n[\/vc_column_text][\/vc_column][\/vc_row][vc_row css=&#8220;.vc_custom_1546851728970{margin-bottom: 40px !important;}&#8220;][vc_column][vc_single_image image=&#8220;3781&#8243; img_size=&#8220;full&#8220; el_class=&#8220;desktop&#8220;][vc_column_text el_class=&#8220;desktop&#8220;]<a class=\"mks_button mks_button_medium squared\" href=\"\/de\/interview-mit-unserem-geschaeftsfuehrer-peter-dilger\/\" target=\"blank\" style=\"color: #00006b; background-color: #f3f8fb;\" >Zum Interview mit unserem Gesch\u00e4ftsf\u00fchrer<\/a>[\/vc_column_text][\/vc_column][vc_column][vc_single_image image=&#8220;3765&#8243; img_size=&#8220;full&#8220; alignment=&#8220;center&#8220; el_class=&#8220;mobile&#8220;][vc_column_text el_class=&#8220;mobile&#8220;]\n<h3>Peter Dilger, Gesch\u00e4ftsf\u00fchrer<\/h3>\n<p>&#8222;F\u00fcr mich ist es die geballte fachliche Kompetenz, die uns ausmacht <a href=\"\/de\/interview-mit-unserem-geschaeftsfuehrer-peter-dilger\/\" target=\"_blank\" rel=\"noopener noreferrer\">[&#8230;] <\/a>&#8220;&nbsp;<\/p>\n<a class=\"mks_button mks_button_medium squared\" href=\"\/de\/interview-mit-unserem-geschaeftsfuehrer-peter-dilger\/\" target=\"blank\" style=\"color: #00006b; background-color: #f3f8fb;\" >Zum Interview mit unserem Gesch\u00e4ftsf\u00fchrer<\/a>[\/vc_column_text][\/vc_column][\/vc_row][vc_row][vc_column][vc_empty_space height=&#8220;45px&#8220; el_class=&#8220;desktop&#8220;][\/vc_column][\/vc_row][vc_section][vc_row css=&#8220;.vc_custom_1546604952526{margin-bottom: 0px !important;}&#8220; el_class=&#8220;karriere_row&#8220;][vc_column css_animation=&#8220;none&#8220; width=&#8220;1\/2&#8243; css=&#8220;.vc_custom_1546605093471{margin-top: 0px !important;margin-right: 0px !important;margin-bottom: 0px !important;margin-left: 0px !important;padding-top: 0px !important;padding-right: 0px !important;padding-bottom: 0px !important;padding-left: 0px !important;}&#8220; el_class=&#8220;karriere_col_bild&#8220;][vc_single_image image=&#8220;3036&#8243; img_size=&#8220;full&#8220; css=&#8220;.vc_custom_1549361445617{margin-top: 0px !important;margin-right: 0px !important;margin-bottom: 0px !important;margin-left: 0px !important;}&#8220;][\/vc_column][vc_column width=&#8220;1\/2&#8243; css=&#8220;.vc_custom_1546606330357{margin-top: 0px !important;margin-right: 0px !important;margin-bottom: 0px !important;margin-left: 0px !important;}&#8220; el_class=&#8220;karriere_col_text&#8220;][vc_column_text]\n<h4 style=\"text-align: left;\"><a href=\"\/de\/stellenanzeigen\/\">Unsere aktuellen Jobangebote<\/a><\/h4>\n<p style=\"text-align: left;\"><a class=\"mks_button mks_button_small squared\" href=\"\/de\/stellenanzeigen\/\" target=\"_self\" style=\"color: #383838; background-color: #eaeaea;\" >Zur Stellenb\u00f6rse<\/a>\n[\/vc_column_text][\/vc_column][\/vc_row][vc_row css=&#8220;.vc_custom_1546605983493{padding-top: 0px !important;}&#8220; el_class=&#8220;karriere_row_change&#8220;][vc_column width=&#8220;1\/2&#8243; css=&#8220;.vc_custom_1546606337669{margin-top: 0px !important;margin-right: 0px !important;margin-bottom: 0px !important;margin-left: 0px !important;}&#8220; el_class=&#8220;karriere_col_text&#8220;][vc_column_text]\n<h4 style=\"text-align: left;\"><a href=\"\/de\/arbeiten-bei-konradin\/\">Arbeiten bei Konradin<\/a><\/h4>\n<p style=\"text-align: left;\">\u201eEinblicke in unsere Vielfalt\u201c&nbsp;&nbsp;&nbsp;<\/p>\n<p style=\"text-align: left;\"><a class=\"mks_button mks_button_small squared\" href=\"\/de\/arbeiten-bei-konradin\/\" target=\"_self\" style=\"color: #383838; background-color: #eaeaea;\" >Weiterlesen<\/a>\n[\/vc_column_text][\/vc_column][vc_column width=&#8220;1\/2&#8243; css=&#8220;.vc_custom_1546605077127{margin-top: 0px !important;margin-right: 0px !important;margin-bottom: 0px !important;margin-left: 0px !important;padding-top: 0px !important;padding-right: 0px !important;padding-bottom: 0px !important;padding-left: 0px !important;}&#8220; el_class=&#8220;karriere_col_bild&#8220;][vc_single_image image=&#8220;2998&#8243; img_size=&#8220;full&#8220; css=&#8220;.vc_custom_1549363935279{margin-top: 0px !important;margin-right: 0px !important;margin-bottom: 0px !important;margin-left: 0px !important;}&#8220;][\/vc_column][\/vc_row][\/vc_section][vc_row el_class=&#8220;karriere_row&#8220;][vc_column width=&#8220;1\/2&#8243; css=&#8220;.vc_custom_1549364510742{margin-top: 0px !important;margin-right: 0px !important;margin-bottom: 0px !important;margin-left: 0px !important;padding-top: 0px !important;padding-right: 0px !important;padding-bottom: 0px !important;padding-left: 0px !important;}&#8220; el_class=&#8220;karriere_col_bild&#8220;][vc_single_image image=&#8220;3099&#8243; img_size=&#8220;full&#8220; css=&#8220;.vc_custom_1549373598827{margin-top: 0px !important;margin-right: 0px !important;margin-bottom: 0px !important;margin-left: 0px !important;}&#8220;][\/vc_column][vc_column width=&#8220;1\/2&#8243; css=&#8220;.vc_custom_1549364470237{margin-top: 0px !important;margin-right: 0px !important;margin-bottom: 0px !important;margin-left: 0px !important;}&#8220; el_class=&#8220;karriere_col_text&#8220;][vc_column_text]\n<h4><a href=\"\/de\/weiterentwicklung-bei-konradin\/\">Weiterentwicklung bei Konradin<\/a><\/h4>\n<p>\u201eEinblicke in unsere M\u00f6glichkeiten\u201c&nbsp;&nbsp;&nbsp;&nbsp; &nbsp;&nbsp;&nbsp;<\/p>\n<a class=\"mks_button mks_button_small squared\" href=\"\/de\/weiterentwicklung-bei-konradin\/\" target=\"_self\" style=\"color: #383838; background-color: #eaeaea;\" >Weiterlesen<\/a>[\/vc_column_text][\/vc_column][\/vc_row][vc_row css=&#8220;.vc_custom_1549369511798{padding-top: 0px !important;}&#8220; el_class=&#8220;karriere_row_change&#8220;][vc_column width=&#8220;1\/2&#8243; css=&#8220;.vc_custom_1549364732411{margin-top: 0px !important;margin-right: 0px !important;margin-bottom: 0px !important;margin-left: 0px !important;}&#8220; el_class=&#8220;karriere_col_text&#8220;][vc_column_text]\n<h4><a href=\"\/de\/unsere-benefits\/\">Pluspunkte bei Konradin<\/a><\/h4>\n<p>\u201eViele gute Gr\u00fcnde bei uns zu arbeiten\u201c<\/p>\n<a class=\"mks_button mks_button_small squared\" href=\"\/de\/unsere-benefits\/\" target=\"_self\" style=\"color: #383838; background-color: #eaeaea;\" >Weiterlesen<\/a>[\/vc_column_text][\/vc_column][vc_column width=&#8220;1\/2&#8243; css=&#8220;.vc_custom_1549364645074{margin-top: 0px !important;margin-right: 0px !important;margin-bottom: 0px !important;margin-left: 0px !important;padding-top: 0px !important;padding-right: 0px !important;padding-bottom: 0px !important;padding-left: 0px !important;}&#8220; el_class=&#8220;karriere_col_bild&#8220;][vc_single_image image=&#8220;4448&#8243; img_size=&#8220;full&#8220; css=&#8220;.vc_custom_1568193479507{margin-top: 0px !important;margin-right: 0px !important;margin-bottom: 0px !important;margin-left: 0px !important;}&#8220;][\/vc_column][\/vc_row][vc_row][vc_column][vc_empty_space height=&#8220;55px&#8220;][\/vc_column][\/vc_row][vc_row][vc_column][vc_text_separator title=&#8220;Ausbildung bei Konradin&#8220; border_width=&#8220;2&#8243;][\/vc_column][\/vc_row][vc_row][vc_column width=&#8220;1\/3&#8243;][vc_btn title=&#8220;Ausbildung&#8220; color=&#8220;sky&#8220; size=&#8220;lg&#8220; align=&#8220;center&#8220; link=&#8220;url:%2Fde%2Fausbildung%2F|||&#8220;][\/vc_column][vc_column width=&#8220;1\/3&#8243;][vc_btn title=&#8220;Volontariat&#8220; color=&#8220;sky&#8220; size=&#8220;lg&#8220; align=&#8220;center&#8220; link=&#8220;url:%2Fde%2Fvolontariat%2F|||&#8220;][\/vc_column][vc_column width=&#8220;1\/3&#8243;][vc_btn title=&#8220;Traineeprogramm&#8220; color=&#8220;sky&#8220; size=&#8220;lg&#8220; align=&#8220;center&#8220; link=&#8220;url:%2Fde%2Ftrainee%2F|||&#8220;][\/vc_column][\/vc_row][vc_row][vc_column][vc_empty_space][\/vc_column][\/vc_row][vc_row][vc_column][vc_single_image image=&#8220;3091&#8243; img_size=&#8220;full&#8220;][\/vc_column][\/vc_row][vc_row][vc_column][\/vc_column][\/vc_row]\n<\/section>","protected":false},"excerpt":{"rendered":"<p>[vc_row][vc_column][vc_column_text]Wir suchen motivierte Mitarbeiter*innen, die unsere Teams bereichern, um unsere Medienmarken, die Onlineportale und Events weiterhin fundiert, innovativ und erfolgreich am Markt zu positionieren und unsere Kunden zu begeistern. In einer Zeit fortschreitender Digitalisierung, vielf\u00e4ltiger Online-Themen und permanentem Wandel, m\u00f6chten wir unsere Mitarbeiter*innen fordern, f\u00f6rdern und damit in ihrer Entwicklung sowie auf ihrem individuellen Berufsweg [&hellip;]<\/p>\n","protected":false},"author":12,"featured_media":1179,"parent":0,"menu_order":0,"comment_status":"closed","ping_status":"closed","template":"","meta":[],"_links":{"self":[{"href":"https:\/\/www.konradin.de\/de\/wp-json\/wp\/v2\/pages\/2708"}],"collection":[{"href":"https:\/\/www.konradin.de\/de\/wp-json\/wp\/v2\/pages"}],"about":[{"href":"https:\/\/www.konradin.de\/de\/wp-json\/wp\/v2\/types\/page"}],"author":[{"embeddable":true,"href":"https:\/\/www.konradin.de\/de\/wp-json\/wp\/v2\/users\/12"}],"replies":[{"embeddable":true,"href":"https:\/\/www.konradin.de\/de\/wp-json\/wp\/v2\/comments?post=2708"}],"version-history":[{"count":333,"href":"https:\/\/www.konradin.de\/de\/wp-json\/wp\/v2\/pages\/2708\/revisions"}],"predecessor-version":[{"id":4450,"href":"https:\/\/www.konradin.de\/de\/wp-json\/wp\/v2\/pages\/2708\/revisions\/4450"}],"wp:featuredmedia":[{"embeddable":true,"href":"https:\/\/www.konradin.de\/de\/wp-json\/wp\/v2\/media\/1179"}],"wp:attachment":[{"href":"https:\/\/www.konradin.de\/de\/wp-json\/wp\/v2\/media?parent=2708"}],"curies":[{"name":"wp","href":"https:\/\/api.w.org\/{rel}","templated":true}]}}

<section class="wpb-content-wrapper">[vc_row][vc_column][vc_column_text]Wir suchen motivierte Mitarbeiter*innen, die unsere Teams bereichern, um unsere Medienmarken, die Onlineportale und Events weiterhin fundiert, innovativ und erfolgreich am Markt zu positionieren und unsere Kunden zu begeistern.</p>
<p>In einer Zeit fortschreitender Digitalisierung, vielfältiger Online-Themen und permanentem Wandel, möchten wir unsere Mitarbeiter*innen fordern, fördern und damit in ihrer Entwicklung sowie auf ihrem individuellen Berufsweg partnerschaftlich begleiten.[/vc_column_text][/vc_column][/vc_row][vc_row][vc_column width=&#8220;1/6&#8243; css=&#8220;.vc_custom_1556790615952{padding-right: 0px !important;}&#8220; el_class=&#8220;plus&#8220;][vc_icon icon_fontawesome=&#8220;fa fa-plus&#8220; color=&#8220;custom&#8220; custom_color=&#8220;#4573c5&#8243;][/vc_column][vc_column width=&#8220;5/6&#8243; el_class=&#8220;plustext&#8220;][vc_column_text el_class=&#8220;intro&#8220;]
<h4 style="font-size: 20px !important;">Pluspunkt bei uns als mittelständisches Unternehmen ist die persönliche Zusammenarbeit</h4>
<p style="color: #006daf;">Wir kennen uns. Wir sprechen miteinander. Wir haben kurze Wege für Austausch und Entscheidungen.<br />
Die Mediengruppe bietet spannende berufliche Herausforderungen und interessante Projekte.</p>
[/vc_column_text][/vc_column][/vc_row][vc_row][vc_column][vc_column_text]Egal, ob Sie sich für eine Tätigkeit im kaufmännischen oder journalistischen Bereich interessieren und ob Sie ganz am Anfang des Berufslebens stehen, mittendrin, oder bereits sehr erfahren sind:<br />
Wenn Sie sich für eine Tätigkeit innerhalb unserer Mediengruppe interessieren, freuen wir uns auf ihre Bewerbung.</p>
<a class="mks_button mks_button_medium squared" href="/de/stellenanzeigen/" target="self" style="color: #00006b; background-color: #f3f8fb;" >Unsere aktuellen Jobangebote</a>[/vc_column_text][vc_column_text css_animation=&#8220;zoomIn&#8220; el_id=&#8220;karriere_zitat&#8220;]
<h2 style="text-align: center;">&#8222;Wir stehen für Vielfalt &#8211; mehr als 40 Medienmarken, print und digital,<br />
in sieben Themenbereichen&#8220;</h2>
[/vc_column_text][/vc_column][/vc_row][vc_row css=&#8220;.vc_custom_1546851728970{margin-bottom: 40px !important;}&#8220;][vc_column][vc_single_image image=&#8220;3781&#8243; img_size=&#8220;full&#8220; el_class=&#8220;desktop&#8220;][vc_column_text el_class=&#8220;desktop&#8220;]<a class="mks_button mks_button_medium squared" href="/de/interview-mit-unserem-geschaeftsfuehrer-peter-dilger/" target="blank" style="color: #00006b; background-color: #f3f8fb;" >Zum Interview mit unserem Geschäftsführer</a>[/vc_column_text][/vc_column][vc_column][vc_single_image image=&#8220;3765&#8243; img_size=&#8220;full&#8220; alignment=&#8220;center&#8220; el_class=&#8220;mobile&#8220;][vc_column_text el_class=&#8220;mobile&#8220;]
<h3>Peter Dilger, Geschäftsführer</h3>
<p>&#8222;Für mich ist es die geballte fachliche Kompetenz, die uns ausmacht <a href="/de/interview-mit-unserem-geschaeftsfuehrer-peter-dilger/" target="_blank" rel="noopener noreferrer">[&#8230;] </a>&#8220;&nbsp;</p>
<a class="mks_button mks_button_medium squared" href="/de/interview-mit-unserem-geschaeftsfuehrer-peter-dilger/" target="blank" style="color: #00006b; background-color: #f3f8fb;" >Zum Interview mit unserem Geschäftsführer</a>[/vc_column_text][/vc_column][/vc_row][vc_row][vc_column][vc_empty_space height=&#8220;45px&#8220; el_class=&#8220;desktop&#8220;][/vc_column][/vc_row][vc_section][vc_row css=&#8220;.vc_custom_1546604952526{margin-bottom: 0px !important;}&#8220; el_class=&#8220;karriere_row&#8220;][vc_column css_animation=&#8220;none&#8220; width=&#8220;1/2&#8243; css=&#8220;.vc_custom_1546605093471{margin-top: 0px !important;margin-right: 0px !important;margin-bottom: 0px !important;margin-left: 0px !important;padding-top: 0px !important;padding-right: 0px !important;padding-bottom: 0px !important;padding-left: 0px !important;}&#8220; el_class=&#8220;karriere_col_bild&#8220;][vc_single_image image=&#8220;3036&#8243; img_size=&#8220;full&#8220; css=&#8220;.vc_custom_1549361445617{margin-top: 0px !important;margin-right: 0px !important;margin-bottom: 0px !important;margin-left: 0px !important;}&#8220;][/vc_column][vc_column width=&#8220;1/2&#8243; css=&#8220;.vc_custom_1546606330357{margin-top: 0px !important;margin-right: 0px !important;margin-bottom: 0px !important;margin-left: 0px !important;}&#8220; el_class=&#8220;karriere_col_text&#8220;][vc_column_text]
<h4 style="text-align: left;"><a href="/de/stellenanzeigen/">Unsere aktuellen Jobangebote</a></h4>
<p style="text-align: left;"><a class="mks_button mks_button_small squared" href="/de/stellenanzeigen/" target="_self" style="color: #383838; background-color: #eaeaea;" >Zur Stellenbörse</a>
[/vc_column_text][/vc_column][/vc_row][vc_row css=&#8220;.vc_custom_1546605983493{padding-top: 0px !important;}&#8220; el_class=&#8220;karriere_row_change&#8220;][vc_column width=&#8220;1/2&#8243; css=&#8220;.vc_custom_1546606337669{margin-top: 0px !important;margin-right: 0px !important;margin-bottom: 0px !important;margin-left: 0px !important;}&#8220; el_class=&#8220;karriere_col_text&#8220;][vc_column_text]
<h4 style="text-align: left;"><a href="/de/arbeiten-bei-konradin/">Arbeiten bei Konradin</a></h4>
<p style="text-align: left;">„Einblicke in unsere Vielfalt“&nbsp;&nbsp;&nbsp;</p>
<p style="text-align: left;"><a class="mks_button mks_button_small squared" href="/de/arbeiten-bei-konradin/" target="_self" style="color: #383838; background-color: #eaeaea;" >Weiterlesen</a>
[/vc_column_text][/vc_column][vc_column width=&#8220;1/2&#8243; css=&#8220;.vc_custom_1546605077127{margin-top: 0px !important;margin-right: 0px !important;margin-bottom: 0px !important;margin-left: 0px !important;padding-top: 0px !important;padding-right: 0px !important;padding-bottom: 0px !important;padding-left: 0px !important;}&#8220; el_class=&#8220;karriere_col_bild&#8220;][vc_single_image image=&#8220;2998&#8243; img_size=&#8220;full&#8220; css=&#8220;.vc_custom_1549363935279{margin-top: 0px !important;margin-right: 0px !important;margin-bottom: 0px !important;margin-left: 0px !important;}&#8220;][/vc_column][/vc_row][/vc_section][vc_row el_class=&#8220;karriere_row&#8220;][vc_column width=&#8220;1/2&#8243; css=&#8220;.vc_custom_1549364510742{margin-top: 0px !important;margin-right: 0px !important;margin-bottom: 0px !important;margin-left: 0px !important;padding-top: 0px !important;padding-right: 0px !important;padding-bottom: 0px !important;padding-left: 0px !important;}&#8220; el_class=&#8220;karriere_col_bild&#8220;][vc_single_image image=&#8220;3099&#8243; img_size=&#8220;full&#8220; css=&#8220;.vc_custom_1549373598827{margin-top: 0px !important;margin-right: 0px !important;margin-bottom: 0px !important;margin-left: 0px !important;}&#8220;][/vc_column][vc_column width=&#8220;1/2&#8243; css=&#8220;.vc_custom_1549364470237{margin-top: 0px !important;margin-right: 0px !important;margin-bottom: 0px !important;margin-left: 0px !important;}&#8220; el_class=&#8220;karriere_col_text&#8220;][vc_column_text]
<h4><a href="/de/weiterentwicklung-bei-konradin/">Weiterentwicklung bei Konradin</a></h4>
<p>„Einblicke in unsere Möglichkeiten“&nbsp;&nbsp;&nbsp;&nbsp; &nbsp;&nbsp;&nbsp;</p>
<a class="mks_button mks_button_small squared" href="/de/weiterentwicklung-bei-konradin/" target="_self" style="color: #383838; background-color: #eaeaea;" >Weiterlesen</a>[/vc_column_text][/vc_column][/vc_row][vc_row css=&#8220;.vc_custom_1549369511798{padding-top: 0px !important;}&#8220; el_class=&#8220;karriere_row_change&#8220;][vc_column width=&#8220;1/2&#8243; css=&#8220;.vc_custom_1549364732411{margin-top: 0px !important;margin-right: 0px !important;margin-bottom: 0px !important;margin-left: 0px !important;}&#8220; el_class=&#8220;karriere_col_text&#8220;][vc_column_text]
<h4><a href="/de/unsere-benefits/">Pluspunkte bei Konradin</a></h4>
<p>„Viele gute Gründe bei uns zu arbeiten“</p>
<a class="mks_button mks_button_small squared" href="/de/unsere-benefits/" target="_self" style="color: #383838; background-color: #eaeaea;" >Weiterlesen</a>[/vc_column_text][/vc_column][vc_column width=&#8220;1/2&#8243; css=&#8220;.vc_custom_1549364645074{margin-top: 0px !important;margin-right: 0px !important;margin-bottom: 0px !important;margin-left: 0px !important;padding-top: 0px !important;padding-right: 0px !important;padding-bottom: 0px !important;padding-left: 0px !important;}&#8220; el_class=&#8220;karriere_col_bild&#8220;][vc_single_image image=&#8220;4448&#8243; img_size=&#8220;full&#8220; css=&#8220;.vc_custom_1568193479507{margin-top: 0px !important;margin-right: 0px !important;margin-bottom: 0px !important;margin-left: 0px !important;}&#8220;][/vc_column][/vc_row][vc_row][vc_column][vc_empty_space height=&#8220;55px&#8220;][/vc_column][/vc_row][vc_row][vc_column][vc_text_separator title=&#8220;Ausbildung bei Konradin&#8220; border_width=&#8220;2&#8243;][/vc_column][/vc_row][vc_row][vc_column width=&#8220;1/3&#8243;][vc_btn title=&#8220;Ausbildung&#8220; color=&#8220;sky&#8220; size=&#8220;lg&#8220; align=&#8220;center&#8220; link=&#8220;url:%2Fde%2Fausbildung%2F|||&#8220;][/vc_column][vc_column width=&#8220;1/3&#8243;][vc_btn title=&#8220;Volontariat&#8220; color=&#8220;sky&#8220; size=&#8220;lg&#8220; align=&#8220;center&#8220; link=&#8220;url:%2Fde%2Fvolontariat%2F|||&#8220;][/vc_column][vc_column width=&#8220;1/3&#8243;][vc_btn title=&#8220;Traineeprogramm&#8220; color=&#8220;sky&#8220; size=&#8220;lg&#8220; align=&#8220;center&#8220; link=&#8220;url:%2Fde%2Ftrainee%2F|||&#8220;][/vc_column][/vc_row][vc_row][vc_column][vc_empty_space][/vc_column][/vc_row][vc_row][vc_column][vc_single_image image=&#8220;3091&#8243; img_size=&#8220;full&#8220;][/vc_column][/vc_row][vc_row][vc_column][/vc_column][/vc_row]
</section>

<p>[vc_row][vc_column][vc_column_text]Wir suchen motivierte Mitarbeiter*innen, die unsere Teams bereichern, um unsere Medienmarken, die Onlineportale und Events weiterhin fundiert, innovativ und erfolgreich am Markt zu positionieren und unsere Kunden zu begeistern. In einer Zeit fortschreitender Digitalisierung, vielfältiger Online-Themen und permanentem Wandel, möchten wir unsere Mitarbeiter*innen fordern, fördern und damit in ihrer Entwicklung sowie auf ihrem individuellen Berufsweg [&hellip;]</p>
