{"id":3845,"date":"2019-05-03T13:37:07","date_gmt":"2019-05-03T13:37:07","guid":{"rendered":"http:\/\/staging.konradin.datenkasten.de\/de\/?page_id=3845"},"modified":"2026-03-23T13:57:04","modified_gmt":"2026-03-23T13:57:04","slug":"trainee","status":"publish","type":"page","link":"https:\/\/www.konradin.de\/de\/karriere\/trainee\/","title":{"rendered":"Trainee"},"content":{"rendered":"<section class=\"wpb-content-wrapper\">[vc_row][vc_column][vc_text_separator title=&#8220;Ihr Einstieg bei Konradin&#8220; i_icon_fontawesome=&#8220;fa fa-chevron-circle-right&#8220; i_color=&#8220;custom&#8220; title_align=&#8220;separator_align_left&#8220; style=&#8220;dashed&#8220; add_icon=&#8220;true&#8220; i_custom_color=&#8220;#3361ae&#8220;][\/vc_column][\/vc_row][vc_row][vc_column][vc_column_text]Wir entwickeln k\u00fcnftige Fach- und F\u00fchrungskr\u00e4fte !<\/p>\n<h2>Die wichtigsten Fragen rund um Trainee-Programme<\/h2>\n<h4>Interview mit Susan Kunze, Personalreferentin bei Konradin<\/h4>\n[\/vc_column_text][\/vc_column][\/vc_row][vc_row css=&#8220;.vc_custom_1562318970657{background-color: #f3f8fb !important;}&#8220;][vc_column width=&#8220;1\/3&#8243; el_class=&#8220;kunzedesktop&#8220;][vc_single_image image=&#8220;4381&#8243; img_size=&#8220;full&#8220;][\/vc_column][vc_column width=&#8220;1\/3&#8243; el_class=&#8220;kunzedesktop&#8220;][vc_single_image image=&#8220;4380&#8243; img_size=&#8220;full&#8220;][\/vc_column][vc_column width=&#8220;1\/3&#8243; el_class=&#8220;kunze&#8220;][vc_single_image image=&#8220;4382&#8243; img_size=&#8220;full&#8220;][\/vc_column][\/vc_row][vc_row][vc_column][vc_column_text]\n<h3>Was genau ist ein Trainee Programm?<\/h3>\n<p>Ein Trainee-Programm ist ein auf Konradin abgestimmtes Einstiegsprogramm.<\/p>\n<p>Ziel ist es, das Unternehmen kennenzulernen und ein Gesp\u00fcr f\u00fcr die Medienbranche zu bekommen. Bereits vorhandene F\u00e4higkeiten werden weiter ausgebaut und neue entwickelt. Um erste eigene Projekte zu \u00fcbernehmen, nehmen Trainees an unterschiedlichen Qualifizierungsma\u00dfnahmen intern und extern teil. Im Anschluss kann man gut vorbereitet durchstarten.<\/p>\n<h3>An welche Zielgruppe richtet sich ein Trainee-Programm?<\/h3>\n<p>Grunds\u00e4tzlich an alle Hochschulabsolventen, aber auch f\u00fcr Quereinsteiger kann ein Trainee-Programm interessant sein. Sprechen Sie uns einfach an.<\/p>\n<h3>In welchen Abteilungen gibt es Trainee-Programme bei Konradin?<\/h3>\n<p>Aktuell bieten wir in den Bereichen Verkauf, Sales und Marketing sowie im Online Projektmanagement Programme an. Hier sind die Dinge im Fluss, das hei\u00dft wir reagieren flexibel auf Bedarf im gesamten Unternehmen.[\/vc_column_text][\/vc_column][\/vc_row][vc_row][vc_column][vc_column_text]\n<h3>Wie lange dauert so ein Trainee?<\/h3>\n<p>Bei Konradin dauert ein Trainee-Programm 18 Monate.<\/p>\n<h3>Welche Eigenschaften qualifizieren mich als Bewerber f\u00fcr ein Trainee-Programm?<\/h3>\n<p>Also Interesse f\u00fcr die Medienbranche ist wichtig. Offenheit, Neugier Dinge zu probieren und aus Fehlern zu lernen. Lust und Mut mit eigenen Ideen Akzente zu setzen. Da sich bei uns alles um das Thema Wissen und Information dreht, sollte man auf jeden Fall kommunikativ sein. Und sonst, Menschen und Aufgaben sind individuell, \u00fcberraschen Sie uns mit Ihrer Bewerbung![\/vc_column_text][\/vc_column][\/vc_row][vc_row][vc_column][vc_empty_space][\/vc_column][\/vc_row][vc_row][vc_column][vc_column_text]\n<h2>Erfahrungen von unseren ehemaligen Trainees<\/h2>\n[\/vc_column_text][\/vc_column][\/vc_row][vc_row][vc_column width=&#8220;1\/4&#8243;][vc_single_image image=&#8220;4049&#8243; img_size=&#8220;large&#8220;][\/vc_column][vc_column width=&#8220;3\/4&#8243;][vc_column_text]<b>Joachim Linckh<\/b><strong>, Gesamtanzeigenleiter \/ Director Sales (ehem. Trainee)<\/strong><\/p>\n<p><em>&#8222;Man k\u00f6nnte beinahe sagen jeden Tag eine neue Welt\u201c<\/em><\/p>\n<p>Direkt nach meinem BWL-Studium habe ich 1998 bei Konradin ein Trainee Programm begonnen und tats\u00e4chlich habe ich es bis heute nicht bereut. Klar gibt es auch hier nicht nur Freudentage, aber inzwischen bin ich seit 20 Jahren hier und komme jeden Tag gerne in den Verlag.<\/p>\n<p>Als ich 1998 im Verkauf begonnen habe, waren wir noch ein reiner Print-Fachverlag mit ersten Gehversuchen im Onlinebereich. Heute bieten wir unseren Kunden vielf\u00e4ltige M\u00f6glichkeiten f\u00fcr ihre gezielte Marktkommunikation.<\/p>\n<div class=\"su-spoiler su-spoiler-style-default su-spoiler-icon-plus su-spoiler-closed\" data-scroll-offset=\"0\" data-anchor-in-url=\"no\"><div class=\"su-spoiler-title\" tabindex=\"0\" role=\"button\"><span class=\"su-spoiler-icon\"><\/span>mehr<\/div><div class=\"su-spoiler-content su-u-clearfix su-u-trim\">\n<p>Ich sage immer, einen Messestand bauen wir f\u00fcr unsere Kunden nicht, aber ansonsten gibt es nichts, was wir nicht f\u00fcr unsere Kunden im Bereich der Marketingkommunikation realisieren k\u00f6nnen. Gerade im Verkauf Industrie sind wir sehr breit aufgestellt und erreichen mit unseren Medien \u00fcber die verschiedensten Kan\u00e4le sehr viele unterschiedliche Branchen und Zielgruppen. Und da jeder Kunde andere Ziele verfolgt, muss man sich auf jeden Kunden neu einstellen und genau das ist das Spannende an meinem Job. Man k\u00f6nnte beinahe sage \u201ejeden Tag eine neue Welt\u201c.<\/p>\n<p>Menschenscheu sollte man im Verkauf nicht sein, aber durch die vielen unterschiedlichen Menschen, mit denen man spricht, lernt man \u201etolle Typen\u201c kennen und \u00fcber die Jahre sind daraus schon richtige Freundschaften entstanden. Wenn man dann noch eine gewisse Begeisterung nicht nur f\u00fcr die eigenen Produkte, sondern vor allem auch f\u00fcr die Themen der Kunden mitbringt, ist es genau der richtige Job!<\/p>\n<p>Besonders sch\u00e4tze ich hier bei Konradin die flachen Hierarchien und die schnellen und kurzen Entscheidungswege. Auch die Gesch\u00e4ftsf\u00fchrung ist stark in das Tagesgeschehen eingebunden und hat immer ein offenes Ohr f\u00fcr meine Anliegen. Selbstverst\u00e4ndlich gibt es im Verkauf klare Anforderungen und Zielvorgaben, aber eben auch viele Freiheiten um zum Ziel zu kommen. Neue Ideen kann man nach R\u00fccksprache selbst aktiv angehen und viele hilfsbereite Kollegen stehen einem mit Rat und Tat zur Seite. Ich denke auch neue Kollegen sch\u00e4tzen sehr die Hilfsbereitschaft und den Teamgeist.<\/p>\n<p>Und ja, r\u00fcckblickend auf die letzten zwanzig Jahre, ich w\u00fcrde alles genau so wieder machen!<\/p>\n<\/div><\/div>[\/vc_column_text][\/vc_column][\/vc_row]\n<\/section>","protected":false},"excerpt":{"rendered":"<p>[vc_row][vc_column][vc_text_separator title=&#8220;Ihr Einstieg bei Konradin&#8220; i_icon_fontawesome=&#8220;fa fa-chevron-circle-right&#8220; i_color=&#8220;custom&#8220; title_align=&#8220;separator_align_left&#8220; style=&#8220;dashed&#8220; add_icon=&#8220;true&#8220; i_custom_color=&#8220;#3361ae&#8220;][\/vc_column][\/vc_row][vc_row][vc_column][vc_column_text]Wir entwickeln k\u00fcnftige Fach- und F\u00fchrungskr\u00e4fte ! Die wichtigsten Fragen rund um Trainee-Programme Interview mit Susan Kunze, Personalreferentin bei Konradin [\/vc_column_text][\/vc_column][\/vc_row][vc_row css=&#8220;.vc_custom_1562318970657{background-color: #f3f8fb !important;}&#8220;][vc_column width=&#8220;1\/3&#8243; el_class=&#8220;kunzedesktop&#8220;][vc_single_image image=&#8220;4381&#8243; img_size=&#8220;full&#8220;][\/vc_column][vc_column width=&#8220;1\/3&#8243; el_class=&#8220;kunzedesktop&#8220;][vc_single_image image=&#8220;4380&#8243; img_size=&#8220;full&#8220;][\/vc_column][vc_column width=&#8220;1\/3&#8243; el_class=&#8220;kunze&#8220;][vc_single_image image=&#8220;4382&#8243; img_size=&#8220;full&#8220;][\/vc_column][\/vc_row][vc_row][vc_column][vc_column_text] Was genau ist ein Trainee Programm? Ein Trainee-Programm [&hellip;]<\/p>\n","protected":false},"author":12,"featured_media":0,"parent":2708,"menu_order":0,"comment_status":"closed","ping_status":"closed","template":"","meta":[],"_links":{"self":[{"href":"https:\/\/www.konradin.de\/de\/wp-json\/wp\/v2\/pages\/3845"}],"collection":[{"href":"https:\/\/www.konradin.de\/de\/wp-json\/wp\/v2\/pages"}],"about":[{"href":"https:\/\/www.konradin.de\/de\/wp-json\/wp\/v2\/types\/page"}],"author":[{"embeddable":true,"href":"https:\/\/www.konradin.de\/de\/wp-json\/wp\/v2\/users\/12"}],"replies":[{"embeddable":true,"href":"https:\/\/www.konradin.de\/de\/wp-json\/wp\/v2\/comments?post=3845"}],"version-history":[{"count":43,"href":"https:\/\/www.konradin.de\/de\/wp-json\/wp\/v2\/pages\/3845\/revisions"}],"predecessor-version":[{"id":5672,"href":"https:\/\/www.konradin.de\/de\/wp-json\/wp\/v2\/pages\/3845\/revisions\/5672"}],"up":[{"embeddable":true,"href":"https:\/\/www.konradin.de\/de\/wp-json\/wp\/v2\/pages\/2708"}],"wp:attachment":[{"href":"https:\/\/www.konradin.de\/de\/wp-json\/wp\/v2\/media?parent=3845"}],"curies":[{"name":"wp","href":"https:\/\/api.w.org\/{rel}","templated":true}]}}

<section class="wpb-content-wrapper">[vc_row][vc_column][vc_text_separator title=&#8220;Ihr Einstieg bei Konradin&#8220; i_icon_fontawesome=&#8220;fa fa-chevron-circle-right&#8220; i_color=&#8220;custom&#8220; title_align=&#8220;separator_align_left&#8220; style=&#8220;dashed&#8220; add_icon=&#8220;true&#8220; i_custom_color=&#8220;#3361ae&#8220;][/vc_column][/vc_row][vc_row][vc_column][vc_column_text]Wir entwickeln künftige Fach- und Führungskräfte !</p>
<h2>Die wichtigsten Fragen rund um Trainee-Programme</h2>
<h4>Interview mit Susan Kunze, Personalreferentin bei Konradin</h4>
[/vc_column_text][/vc_column][/vc_row][vc_row css=&#8220;.vc_custom_1562318970657{background-color: #f3f8fb !important;}&#8220;][vc_column width=&#8220;1/3&#8243; el_class=&#8220;kunzedesktop&#8220;][vc_single_image image=&#8220;4381&#8243; img_size=&#8220;full&#8220;][/vc_column][vc_column width=&#8220;1/3&#8243; el_class=&#8220;kunzedesktop&#8220;][vc_single_image image=&#8220;4380&#8243; img_size=&#8220;full&#8220;][/vc_column][vc_column width=&#8220;1/3&#8243; el_class=&#8220;kunze&#8220;][vc_single_image image=&#8220;4382&#8243; img_size=&#8220;full&#8220;][/vc_column][/vc_row][vc_row][vc_column][vc_column_text]
<h3>Was genau ist ein Trainee Programm?</h3>
<p>Ein Trainee-Programm ist ein auf Konradin abgestimmtes Einstiegsprogramm.</p>
<p>Ziel ist es, das Unternehmen kennenzulernen und ein Gespür für die Medienbranche zu bekommen. Bereits vorhandene Fähigkeiten werden weiter ausgebaut und neue entwickelt. Um erste eigene Projekte zu übernehmen, nehmen Trainees an unterschiedlichen Qualifizierungsmaßnahmen intern und extern teil. Im Anschluss kann man gut vorbereitet durchstarten.</p>
<h3>An welche Zielgruppe richtet sich ein Trainee-Programm?</h3>
<p>Grundsätzlich an alle Hochschulabsolventen, aber auch für Quereinsteiger kann ein Trainee-Programm interessant sein. Sprechen Sie uns einfach an.</p>
<h3>In welchen Abteilungen gibt es Trainee-Programme bei Konradin?</h3>
<p>Aktuell bieten wir in den Bereichen Verkauf, Sales und Marketing sowie im Online Projektmanagement Programme an. Hier sind die Dinge im Fluss, das heißt wir reagieren flexibel auf Bedarf im gesamten Unternehmen.[/vc_column_text][/vc_column][/vc_row][vc_row][vc_column][vc_column_text]
<h3>Wie lange dauert so ein Trainee?</h3>
<p>Bei Konradin dauert ein Trainee-Programm 18 Monate.</p>
<h3>Welche Eigenschaften qualifizieren mich als Bewerber für ein Trainee-Programm?</h3>
<p>Also Interesse für die Medienbranche ist wichtig. Offenheit, Neugier Dinge zu probieren und aus Fehlern zu lernen. Lust und Mut mit eigenen Ideen Akzente zu setzen. Da sich bei uns alles um das Thema Wissen und Information dreht, sollte man auf jeden Fall kommunikativ sein. Und sonst, Menschen und Aufgaben sind individuell, überraschen Sie uns mit Ihrer Bewerbung![/vc_column_text][/vc_column][/vc_row][vc_row][vc_column][vc_empty_space][/vc_column][/vc_row][vc_row][vc_column][vc_column_text]
<h2>Erfahrungen von unseren ehemaligen Trainees</h2>
[/vc_column_text][/vc_column][/vc_row][vc_row][vc_column width=&#8220;1/4&#8243;][vc_single_image image=&#8220;4049&#8243; img_size=&#8220;large&#8220;][/vc_column][vc_column width=&#8220;3/4&#8243;][vc_column_text]<b>Joachim Linckh</b><strong>, Gesamtanzeigenleiter / Director Sales (ehem. Trainee)</strong></p>
<p><em>&#8222;Man könnte beinahe sagen jeden Tag eine neue Welt“</em></p>
<p>Direkt nach meinem BWL-Studium habe ich 1998 bei Konradin ein Trainee Programm begonnen und tatsächlich habe ich es bis heute nicht bereut. Klar gibt es auch hier nicht nur Freudentage, aber inzwischen bin ich seit 20 Jahren hier und komme jeden Tag gerne in den Verlag.</p>
<p>Als ich 1998 im Verkauf begonnen habe, waren wir noch ein reiner Print-Fachverlag mit ersten Gehversuchen im Onlinebereich. Heute bieten wir unseren Kunden vielfältige Möglichkeiten für ihre gezielte Marktkommunikation.</p>
<div class="su-spoiler su-spoiler-style-default su-spoiler-icon-plus su-spoiler-closed" data-scroll-offset="0" data-anchor-in-url="no"><div class="su-spoiler-title" tabindex="0" role="button"><span class="su-spoiler-icon"></span>mehr</div><div class="su-spoiler-content su-u-clearfix su-u-trim">
<p>Ich sage immer, einen Messestand bauen wir für unsere Kunden nicht, aber ansonsten gibt es nichts, was wir nicht für unsere Kunden im Bereich der Marketingkommunikation realisieren können. Gerade im Verkauf Industrie sind wir sehr breit aufgestellt und erreichen mit unseren Medien über die verschiedensten Kanäle sehr viele unterschiedliche Branchen und Zielgruppen. Und da jeder Kunde andere Ziele verfolgt, muss man sich auf jeden Kunden neu einstellen und genau das ist das Spannende an meinem Job. Man könnte beinahe sage „jeden Tag eine neue Welt“.</p>
<p>Menschenscheu sollte man im Verkauf nicht sein, aber durch die vielen unterschiedlichen Menschen, mit denen man spricht, lernt man „tolle Typen“ kennen und über die Jahre sind daraus schon richtige Freundschaften entstanden. Wenn man dann noch eine gewisse Begeisterung nicht nur für die eigenen Produkte, sondern vor allem auch für die Themen der Kunden mitbringt, ist es genau der richtige Job!</p>
<p>Besonders schätze ich hier bei Konradin die flachen Hierarchien und die schnellen und kurzen Entscheidungswege. Auch die Geschäftsführung ist stark in das Tagesgeschehen eingebunden und hat immer ein offenes Ohr für meine Anliegen. Selbstverständlich gibt es im Verkauf klare Anforderungen und Zielvorgaben, aber eben auch viele Freiheiten um zum Ziel zu kommen. Neue Ideen kann man nach Rücksprache selbst aktiv angehen und viele hilfsbereite Kollegen stehen einem mit Rat und Tat zur Seite. Ich denke auch neue Kollegen schätzen sehr die Hilfsbereitschaft und den Teamgeist.</p>
<p>Und ja, rückblickend auf die letzten zwanzig Jahre, ich würde alles genau so wieder machen!</p>
</div></div>[/vc_column_text][/vc_column][/vc_row]
</section>

<p>[vc_row][vc_column][vc_text_separator title=&#8220;Ihr Einstieg bei Konradin&#8220; i_icon_fontawesome=&#8220;fa fa-chevron-circle-right&#8220; i_color=&#8220;custom&#8220; title_align=&#8220;separator_align_left&#8220; style=&#8220;dashed&#8220; add_icon=&#8220;true&#8220; i_custom_color=&#8220;#3361ae&#8220;][/vc_column][/vc_row][vc_row][vc_column][vc_column_text]Wir entwickeln künftige Fach- und Führungskräfte ! Die wichtigsten Fragen rund um Trainee-Programme Interview mit Susan Kunze, Personalreferentin bei Konradin [/vc_column_text][/vc_column][/vc_row][vc_row css=&#8220;.vc_custom_1562318970657{background-color: #f3f8fb !important;}&#8220;][vc_column width=&#8220;1/3&#8243; el_class=&#8220;kunzedesktop&#8220;][vc_single_image image=&#8220;4381&#8243; img_size=&#8220;full&#8220;][/vc_column][vc_column width=&#8220;1/3&#8243; el_class=&#8220;kunzedesktop&#8220;][vc_single_image image=&#8220;4380&#8243; img_size=&#8220;full&#8220;][/vc_column][vc_column width=&#8220;1/3&#8243; el_class=&#8220;kunze&#8220;][vc_single_image image=&#8220;4382&#8243; img_size=&#8220;full&#8220;][/vc_column][/vc_row][vc_row][vc_column][vc_column_text] Was genau ist ein Trainee Programm? Ein Trainee-Programm [&hellip;]</p>
